4 - 2*j**3 + 46*j**2. Let x(n) = -k(n) - 4*o(n). What is x(9)?
8
Let l(i) be the second derivative of 3/2*i**3 - 77*i + 0 + 3/2*i**2. Give l(-2).
-15
Let s(i) be the first derivative of -i**2/2 - 13*i - 885. Suppose 2*q = -2*q + 144. Suppose -5*d + 16 + 17 = -2*m, 5*m + 3*d = -q. What is s(m)?
-4
Let z(l) = -3*l + 3*l - 6*l - 16*l + 54100 - 54245. Calculate z(-7).
9
Let v(d) = 3*d**3 - 2*d**2 - 17*d - 22. Let p(b) = b**3 + b**2 - 6*b - 3. Let z(w) = 4*p(w) - v(w). Suppose -9 = -2*y - 23. Determine z(y).
10
Let h(g) = 9 + 3*g - 28*g**2 - 26*g**2 + 0*g + 76*g**2 - 23*g**2. Determine h(4).
5
Let n be -3*(-8)/(-108)*(-25 + 16). Let u(y) be the second derivative of 0 + 5/3*y**3 + 0*y**n - 15*y. Determine u(1).
10
Let l(i) = -8*i + 479. Let p(d) = 7*d - 410. Let j(g) = 6*l(g) + 7*p(g). Determine j(-13).
-9
Let z(o) = o**3 - 2*o**2 - 3*o. Let b = -91 + 163. Let n be 26/3*(b/16 + -3). Suppose 0 = -11*y - n - 9. Calculate z(y).
-10
Let g be -192 + 183 + 16 + -1. Let r(u) = -u + 6*u + 7*u**2 - 6*u - u**3 - 3 - 6*u. Determine r(g).
-9
Let l(b) = -71*b + 10 + 73*b - b**3 + 0*b**3 - 4*b**2. Let i be l(-4). Let z(a) = -7*a + 1. Let u(w) = 8*w - 1. Let y(m) = -5*u(m) - 6*z(m). What is y(i)?
3
Let v be (-13)/(130/(-492)) + 20/25. Suppose 3*a - v = -53. Let d(l) = 2*l**3 + l**2 + l + 1. Determine d(a).
-1
Let k(r) be the first derivative of 38 + 5*r + 1/3*r**3 - 15/2*r**2. What is k(10)?
-45
Suppose 0 = -4*b + 3*z - 198 + 250, 0 = b + 3*z + 17. Suppose 0 = 4*h - 0*h. Let t(v) = 2*v - v + h*v. Give t(b).
7
Let a be ((-11)/(231/406))/((-1)/(-15)). Let j = a - -288. Let b(u) = 2*u**2 - 3*u - 2. Calculate b(j).
12
Let v(u) be the second derivative of 23*u**3/3 - 19*u**2/2 - 15*u. Let i be v(2). Let y = 68 - i. Let g(l) = l**3 + 6*l**2 + 4*l + 1. Calculate g(y).
6
Suppose 0 = -0*m + 3*m + 9. Let t be 7 + -4 + m + 5. Let x(a) = a**2 - 5*a - 7. Give x(t).
-7
Let x(n) be the third derivative of n**6/120 + 11*n**5/30 + 27*n**4/8 - 12*n**3 + n**2 + n - 1676. Determine x(-17).
-4
Let n be 4/(-22) + 714/(-66) + 11. Let q(x) = x**2 + 1 + n*x + 3 + 0 + 4 - 5*x. Give q(6).
14
Let f(b) = -5*b**3 - b**2 + 1. Suppose 61 = -30*c - 299. Let m be -1*c/(-6)*1/2. What is f(m)?
5
Let c be (-2)/(3 + (-77)/22). Let i(t) = 9*t + 6. What is i(c)?
42
Let z(m) = -3*m**2 + 64*m + 32. Suppose 0 = 3*x - 4*v - 82, -3*x - 824 + 886 = v. What is z(x)?
-12
Let u be -6 - (-22 - (-8)/(-2))/(-22 - -23). Let l(t) = t**2 - 23*t + 49. What is l(u)?
-11
Let a(l) = -7*l**2 - 99*l - 14. Let x be a(-16). Let c = 224 + x. Let z(y) = -7*y + 5. Determine z(c).
-9
Suppose 5*d - 17 = -2*y, -761*y + 765*y - 5*d = 19. Let t(u) = 10*u - 67. Give t(y).
-7
Let m(f) be the second derivative of f**3/6 + 17*f**2/2 - 6024*f. Calculate m(0).
17
Let d = 311 - 308. Let i be (-4 - (0 - d))/(2/14). Let q(r) = -r**3 - 8*r**2 - 6*r + 5. Give q(i).
-2
Let p(s) = -s**2 + 2*s - 3. Let o(g) = -27*g + 3. Let c be o(-1). Suppose -4*b - c = -10*b. What is p(b)?
-18
Let x(l) = 5*l + 1. Let f(h) = -h**2 + 28*h - 45. Let b(z) = -z**2 - 10*z + 10. Let k be b(-8). Let w be f(k). Suppose -3*t + w = -10*t. Give x(t).
-4
Let f(x) = -5*x. Suppose -2*v - 1000 = 3*q, 3*v = 3*q - q - 1474. Let b = v - -499. Calculate f(b).
-25
Let d(s) = 29*s**2 - 134*s + 11. Let k(y) = -5*y**2 + 23*y - 1. Let f(u) = -4*d(u) - 23*k(u). Give f(8).
-29
Let j(f) = -13 + 7*f + 4851*f**2 + 18 - 4853*f**2 + 18. Determine j(5).
8
Let i(r) = -15*r**2 - 108*r - 15. Let u(t) = -4*t**2 - 232*t + 229. Let x be u(-59). Calculate i(x).
6
Let v(q) = 10*q**2 + 7*q**2 - 9*q - 18*q**2 + 4 + q. Let u = 6 + -26. Let t = -26 - u. What is v(t)?
16
Suppose 2*n - 3*n = 8. Let t(u) = -3*u + 9 + 89*u - 83*u. Calculate t(n).
-15
Let h(t) = t**2 - 2*t + 10. Let r be ((-6 + 7)/5)/(8/80). Calculate h(r).
10
Let r(c) = -5*c**2 + 11 - 6 + 8*c**3 - 3*c**3 - 6*c**3. Let n(a) = 5*a**3 + 10*a**2 - 10*a + 16 - 6*a**3 - 12. Let s be n(9). What is r(s)?
5
Suppose -12*f + 164 = -5*x - 15*f, -x = -2*f + 51. Let b(y) = 6*y**2 + 223*y + 34. What is b(x)?
-3
Let a = -1580 + 1582. Let b(k) = 3*k**2 - 4*k + 2. Calculate b(a).
6
Suppose 227*u = 242*u - 300. Let n(d) = -d**3 + 20*d**2 + 5*d - 50. What is n(u)?
50
Let f(u) = -506*u + 69. Let r(j) = 224*j - 35. Let z(q) = -4*f(q) - 9*r(q). What is z(-16)?
-89
Let x = -4700 - -9232. Let y(z) = -1 + x*z + 7 - 4533*z. Calculate y(-2).
8
Suppose 6*x + 19 = 43. Suppose 0 = -x*r + 13*r + 54. Let b(u) = -u - 6. Give b(r).
0
Let x(l) = 3005*l + 6 - 1501*l - 1498*l + 5*l**2. What is x(-5)?
101
Suppose -2*a - 9*f + 10 = -7*f, a - 25 = -5*f. Let w(h) = -17*h + 5. Give w(a).
5
Let a(h) = h**3 + 11*h**2 + 32*h + 11. Suppose -2480*q + 2493*q = -91. What is a(q)?
-17
Let f(z) be the third derivative of 4*z**5/15 - z**4/24 - 3*z**2 + 128*z. Determine f(-1).
17
Let y(q) = q**2 + 14*q + 45. Suppose 12*a + 124 + 6 = 2*u, -10 = 2*a + 2*u. Calculate y(a).
5
Suppose 10*j - 11*j - 5 = -3*c, 0 = 4*j + c + 33. Let b(y) = -y**3 - 10*y**2 - 20*y - 15. Determine b(j).
17
Suppose 0 = 4*b - 91 + 67. Let z(h) = 6 - h - 1 - b - 3*h. Calculate z(-4).
15
Let y(h) = -2*h**2 - 5*h - 6*h - 5 + 3*h + 2*h. Suppose -148*l + 9 = c - 145*l, -3*c - 3*l - 3 = 0. Give y(c).
-41
Let o(v) = -44*v**2 - 2*v + 1 + 40*v**3 + 51*v**3 + 41*v**2 - 92*v**3. Determine o(-2).
1
Let y(r) = -49*r + 231. Let x be y(5). Let d(z) = 2*z**2 + 30*z + 21. Give d(x).
-7
Suppose -5*a - 50*z + 50 = -54*z, a + 5*z + 19 = 0. Let v(k) be the third derivative of -k**5/60 + k**4/6 + 5*k**3/6 - k**2. Give v(a).
-7
Let p be 3 - 1 - 1 - 0. Let j(a) be the second derivative of -1/2*a**3 - 12*a + 0 - 1/2*a**2. What is j(p)?
-4
Let w(x) = 3*x**2 + 3*x + 2. Let o(d) = -10*d - 14*d - 7*d + 32*d. Let s(h) = -o(h) - w(h). What is s(-2)?
-6
Let h(j) = -j**3 + 11*j**2 + 12*j - 6. Let p be h(12). Let a(l) = 6*l + 42. Let v be a(p). Let m(n) = -n**3 + 7*n**2 - 4*n - 12. Calculate m(v).
0
Let w(k) = -14*k - 32*k**3 - 32*k**3 - 32*k**3 + 2*k**2 - 16*k**2 - 5 + 94*k**3. Give w(-6).
7
Let t(p) = 41*p**2 - 92*p + 15. Let f(i) = 50*i**2 - 116*i + 19. Let q(h) = 9*f(h) - 11*t(h). Calculate q(-31).
37
Let z(p) be the second derivative of p**5/20 - 3*p**4/4 - p**3/2 + 2*p**2 + 3817*p. Give z(4).
-88
Let a be (-15)/(-2) - ((-10)/(-6))/(90/(-135)). Let l(q) be the third derivative of -a*q**2 + 1/24*q**4 + 1/2*q**3 + 0 + 0*q. Give l(-4).
-1
Let z(i) = -i**3 - 15*i**2 - 8*i - 7. Let l be 3/(-3)*3*-1 - 2329/137. What is z(l)?
-91
Let j(u) = 47*u + 10. Let r(n) = -81*n - 15. Let a(z) = 8*j(z) + 5*r(z). Calculate a(0).
5
Let j(x) = 24*x**2 + 287 + 293 - 871 - 61*x + 2*x**3 - 3*x**3 + 284. Calculate j(21).
35
Let h(o) = -3 - 382*o + 770*o - 389*o. Let t(j) = -j + 2. Let r(y) = -h(y) - t(y). Give r(3).
7
Let o(r) = -r - 1. Suppose -3*l + 33 = 2*h + 2*l, 3*l = -4*h + 31. Let x be h + (2 - (-2 + -1)). Suppose 54 - 9 = x*v. Determine o(v).
-6
Let n(o) = -5*o + 4*o + 39 - 114*o**2 + 9 + 113*o**2. Give n(-11).
-62
Let b(y) = -10*y**2 + 2*y + 4. Suppose 0 = 21*p - 20*p, 3*l + 4*p + 6 = 0. Give b(l).
-40
Let a(z) = -40*z**2 - 2*z. Let b be a(-1). Let c = b + 24. Let l be ((-4)/c)/(3/63). Let j(y) = 2*y - 4. Give j(l).
8
Suppose 0 = -4*i + 1 + 15. Let p(q) = 5*q + 9. Let s(b) = -6*b - 10. Let n(u) = i*s(u) + 5*p(u). Let m(x) = -2*x - 12. Let k(j) = 5*m(j) + 12*n(j). Give k(2).
4
Let l be (3 + 48/(-32))/(3*1/(-8)). Let c(q) be the second derivative of q**4/12 + q**3/3 - 3*q**2 - 6*q. Calculate c(l).
2
Let g(s) = 2*s**2 + 16*s. Let v be (-14)/3*(-39)/26 - (17 - 0). Calculate g(v).
40
Let q(z) = 3*z**2 + 120*z + 7. Let u be q(-40). Let d(j) be the second derivative of j**5/20 - j**4/2 - j**3 - j**2/2 - j. What is d(u)?
6
Let v(y) = y**2 - y - 2. Let h(c) = -c + 2 + 2 + 8*c - 3*c**2 - 6*c. Let n(q) = -2*h(q) - 5*v(q). What is n(-2)?
0
Let z(t) = -t**3 - 8*t**2 + 9*t + 1. Suppose -16 = -2*w - 4*l - 0*l, -w = -4*l - 38. Let x be (-1)/9 + (-160)/w. Give z(x).
1
Let j(y) = -y**3 - 10*y**2 + y - 4. Let t be 6/(-15) + (-5416)/(-40). Let d = 125 - t. Give j(d).
-14
Let q(a) = -a - 16. Let b(u) = 5*u + 117. Let x(c) = -3*b(c) - 24*q(c). What is x(-4)?
-3
Suppose 10*j - 6*j = -z + 64, 4*z = 5*j - 59. Let r(i) = -i + 2*i**3 - 3*i**3 + j*i**2 + 1 - 19*i**2. Calculate r(-4).
5
Let g = 387 + -390. Suppose 3*r + 0*w + 12 = 3*w, -r = w. Let q(f) = -5*f**2 - 4*f + 5. Let j(o) = -4*o**2 -